s the tens digit of 5306834?
3
What is the tens digit of 189164?
6
What is the thousands digit of 189743?
9
What is the tens digit of 460323?
2
What is the millions digit of 1185719?
1
What is the hundreds digit of 626177?
1
What is the hundreds digit of 6366245?
2
What is the units digit of 3952972?
2
What is the thousands digit of 66220?
6
What is the units digit of 49193?
3
What is the hundred thousands digit of 1708782?
7
What is the units digit of 559890?
0
What is the thousands digit of 692626?
2
What is the units digit of 248464?
4
What is the millions digit of 2814417?
2
What is the tens digit of 2768648?
4
What is the units digit of 2922211?
1
What is the thousands digit of 561671?
1
What is the units digit of 147727?
7
What is the hundreds digit of 372572?
5
What is the millions digit of 4947895?
4
What is the hundreds digit of 121932?
9
What is the units digit of 6889851?
1
What is the hundred thousands digit of 758629?
7
What is the hundred thousands digit of 1396631?
3
What is the hundred thousands digit of 1006297?
0
What is the hundred thousands digit of 12260391?
2
What is the ten thousands digit of 2673261?
7
What is the thousands digit of 259231?
9
What is the hundred thousands digit of 623023?
6
What is the thousands digit of 60868?
0
What is the units digit of 2252618?
8
What is the ten thousands digit of 4319997?
1
What is the ten millions digit of 24126192?
2
What is the units digit of 25621622?
2
What is the units digit of 249794?
4
What is the tens digit of 663780?
8
What is the ten thousands digit of 212204?
1
What is the millions digit of 2434057?
2
What is the units digit of 841238?
8
What is the units digit of 4292334?
4
What is the ten thousands digit of 6469913?
6
What is the hundred thousands digit of 212761?
2
What is the hundred thousands digit of 9104314?
1
What is the units digit of 4479153?
3
What is the thousands digit of 14003846?
3
What is the thousands digit of 26033557?
3
What is the tens digit of 346732?
3
What is the tens digit of 1309397?
9
What is the hundreds digit of 13320271?
2
What is the hundred thousands digit of 340009?
3
What is the units digit of 462640?
0
What is the tens digit of 9252257?
5
What is the units digit of 1285865?
5
What is the millions digit of 16017858?
6
What is the hundreds digit of 66657?
6
What is the ten thousands digit of 28006?
2
What is the hundreds digit of 183159?
1
What is the units digit of 2805104?
4
What is the tens digit of 527146?
4
What is the tens digit of 427619?
1
What is the units digit of 544672?
2
What is the hundreds digit of 164851?
8
What is the hundreds digit of 382371?
3
What is the ten thousands digit of 928422?
2
What is the units digit of 975858?
8
What is the thousands digit of 1530440?
0
What is the millions digit of 11105702?
1
What is the hundreds digit of 6002?
0
What is the hundred thousands digit of 400036?
4
What is the hundreds digit of 807541?
5
What is the hundred thousands digit of 1256985?
2
What is the units digit of 1607973?
3
What is the ten thousands digit of 28332144?
3
What is the thousands digit of 2043850?
3
What is the hundreds digit of 1396069?
0
What is the hundred thousands digit of 9302940?
3
What is the units digit of 540431?
1
What is the units digit of 802382?
2
What is the tens digit of 3688039?
3
What is the units digit of 589370?
0
What is the hundreds digit of 515461?
4
What is the units digit of 215097?
7
What is the thousands digit of 8788501?
8
What is the hundred thousands digit of 242143?
2
What is the hundred thousands digit of 5867492?
8
What is the ten thousands digit of 1249366?
4
What is the millions digit of 16447606?
6
What is the units digit of 13888397?
7
What is the units digit of 101243?
3
What is the tens digit of 24421?
2
What is the tens digit of 171675?
7
What is the ten thousands digit of 2072547?
7
What is the ten thousands digit of 9343127?
4
What is the units digit of 478627?
7
What is the hundred thousands digit of 340016?
3
What is the ten thousands digit of 934758?
3
What is the units digit of 474227?
7
What is the thousands digit of 82562?
2
What is the tens digit of 982947?
4
What is the units digit of 2931745?
5
What is the hundred thousands digit of 9321319?
3
What is the hundreds digit of 2961232?
2
What is the thousands digit of 5651812?
1
What is the tens digit of 23681430?
3
What is the hundred thousands digit of 327283?
3
What is the thousands digit of 1523220?
3
What is the hundred thousands digit of 1311440?
3
What is the tens digit of 344774?
7
What is the thousands digit of 1564424?
4
What is the hundreds digit of 3162469?
4
What is the hundred thousands digit of 651402?
6
What is the hundreds digit of 7586420?
4
What is the ten thousands digit of 1783707?
8
What is the units digit of 248120?
0
What is the units digit of 1446800?
0
What is the thousands digit of 1408307?
8
What is the units digit of 20823908?
8
What is the thousands digit of 1319867?
9
What is the thousands digit of 4928357?
8
What is the tens digit of 1014820?
2
What is the tens digit of 1124456?
5
What is the millions digit of 1178040?
1
What is the hundreds digit of 230790?
7
What is the ten millions digit of 13563695?
1
What is the tens digit of 526570?
7
What is the tens digit of 232471?
7
What is the tens digit of 220220?
2
What is the tens digit of 2897129?
2
What is the millions digit of 5432038?
5
What is the thousands digit of 3244619?
4
What is the units digit of 260975?
5
What is the units digit of 184809?
9
What is the units digit of 378806?
6
What is the tens digit of 578455?
5
What is the hundreds digit of 2559667?
6
What is the hundred thousands digit of 349678?
3
What is the thousands digit of 1910691?
0
What is the thousands digit of 5865304?
5
What is the thousands digit of 271333?
1
What is the hundred thousands digit of 857873?
8
What is the tens digit of 83372?
7
What is the tens digit of 5166307?
0
What is the ten thousands digit of 204963?
0
What is the thousands digit of 165748?
5
What is the thousands digit of 836043?
6
What is the millions digit of 1080329?
1
What is the hundreds digit of 10701441?
4
What is the units digit of 187550?
0
What is the millions digit of 10159605?
0
What is the thousands digit of 312764?
2
What is the millions digit of 7688221?
7
What is the ten thousands digit of 32813848?
1
What is the hundreds digit of 12565505?
5
What is the millions digit of 2137609?
2
What is the millions digit of 1505235?
1
What is the hundred thousands digit of 3854848?
8
What is the thousands digit of 2168?
2
What is the ten thousands digit of 71763?
7
What is the units digit of 1158712?
2
What is the thousands digit of 68973?
8
What is the thousands digit of 24636117?
6
What is the hundred thousands digit of 2338479?
3
What is the millions digit of 5270940?
5
What is the hundreds digit of 3438812?
8
What is the units digit of 131157?
7
What is the hundred thousands digit of 3317511?
3
What is the tens digit of 8139914?
1
What is the millions digit of 2090377?
2
What is the millions digit of 11738192?
1
What is the units digit of 871446?
6
What is the units digit of 46596?
6
What is the tens digit of 4636039?
3
What is the tens digit of 4256489?
8
What is the thousands digit of 1333581?
3
What is the hundred thousands digit of 865022?
8
What is the ten thousands digit of 577428?
7
What is the hundreds digit of 53878?
8
What is the thousands digit of 711294?
1
What is the hundred thousands digit of 307855?
3
What is the hundreds digit of 190316?
3
What is the ten thousands digit of 1059139?
5
What is the thousands digit of 95274?
5
What is the tens digit of 169263?
6
What is the tens digit of 400713?
1
What is the thousands digit of 215257?
5
What is the ten thousands digit of 7956746?
5
What is the tens digit of 444109?
0
What is the tens digit of 19923?
2
What is the hundreds digit of 6636246?
2
What is the thousands digit of 77240?
7
What is the units digit of 58929?
9
What is the units digit of 154257?
7
What is the thousands digit of 11753038?
3
What is the tens digit of 908275?
7
What is the thousands digit of 5724497?
4
What is the units digit of 3977649?
9
What is the tens digit of 2488938?
3
What is the tens digit of 3483992?
9
What is the tens digit of 250504?
0